{"id":3,"date":"2024-03-23T22:24:02","date_gmt":"2024-03-23T22:24:02","guid":{"rendered":"https:\/\/adorabeautyzug.ch\/?page_id=3"},"modified":"2024-04-13T22:02:35","modified_gmt":"2024-04-13T22:02:35","slug":"agb","status":"publish","type":"page","link":"https:\/\/adorabeautyzug.ch\/index.php\/agb\/","title":{"rendered":"AGB"},"content":{"rendered":"\t\t<div data-elementor-type=\"wp-page\" data-elementor-id=\"3\" class=\"elementor elementor-3\">\n\t\t\t\t<div class=\"elementor-element elementor-element-38922255 e-con e-parent\" data-id=\"38922255\" data-element_type=\"container\" data-core-v316-plus=\"true\">\n\t\t\t\t<div class=\"elementor-element elementor-element-267316fc elementor-widget elementor-widget-text-editor\" data-id=\"267316fc\" data-element_type=\"widget\" data-widget_type=\"text-editor.default\">\n\t\t\t\t<div class=\"elementor-widget-container\">\n\t\t\t<style>\/*! elementor - v3.20.0 - 26-03-2024 *\/\n.elementor-widget-text-editor.elementor-drop-cap-view-stacked .elementor-drop-cap{background-color:#69727d;color:#fff}.elementor-widget-text-editor.elementor-drop-cap-view-framed .elementor-drop-cap{color:#69727d;border:3px solid;background-color:transparent}.elementor-widget-text-editor:not(.elementor-drop-cap-view-default) .elementor-drop-cap{margin-top:8px}.elementor-widget-text-editor:not(.elementor-drop-cap-view-default) .elementor-drop-cap-letter{width:1em;height:1em}.elementor-widget-text-editor .elementor-drop-cap{float:left;text-align:center;line-height:1;font-size:50px}.elementor-widget-text-editor .elementor-drop-cap-letter{display:inline-block}<\/style>\t\t\t\t<!-- wp:heading -->\n<h2 class=\"p1\"><b>Allgemeine Gesch\u00e4ftsbedingungen<span class=\"Apple-converted-space\">\u00a0<\/span><\/b><\/h2>\n<p class=\"p2\">Adora Beauty Zug (nachfolgend \u201eBetreiber\u201d)<\/p>\n<p class=\"p1\">Stand: 01.01.2024<\/p>\n<!-- \/wp:heading --><!-- wp:paragraph --><!-- \/wp:paragraph --><!-- wp:heading -->\n<h4>\u00a0<\/h4>\n<h4>Allgemeines<\/h4>\n<!-- \/wp:heading --><!-- wp:paragraph -->\n<p class=\"p1\">Diese Bedingungen betreffen alle Transaktionen, Vertr\u00e4ge und Angebote, wie die Dienstleistungen und den Verkauf von Produkten, die zwischen Adora Beauty Zug<span class=\"Apple-converted-space\">\u00a0 <\/span>und dem Kunden (m\/w) zustande kommen bzw. geschlossen werden. Ausnahmen von Transaktionen, die nicht unter die allgemeinen Gesch\u00e4ftsbedingungen fallen, bed\u00fcrfen der Mitteilung in schriftlicher Form.<\/p>\n<p>\u00a0<\/p>\n<!-- \/wp:paragraph --><!-- wp:heading -->\n<h4 class=\"p1\"><b>1.<span class=\"Apple-converted-space\">\u00a0 <\/span>DIENSTLEISTUNG<\/b><\/h4>\n<p class=\"p1\">Der Betreiber<span class=\"Apple-converted-space\">\u00a0 <\/span>und sein Angestellten f\u00fchren die Dienstleistung nach bestem Wissen und Gewissen und nach dem neuesten Standard am Kunden (m\/w) aus.<\/p>\n<p>\u00a0<\/p>\n<h4 class=\"p1\"><b>2. TERMINVEREINBARUNG<\/b><\/h4>\n<p class=\"p1\">Der Betreiber bietet die Dienstleistungen mit oder ohne Termine an. Die Terminvereinbarung kann in der Filiale, telefonisch, per E-Mail oder \u00fcber die Webseite erfolgen.<\/p>\n<p>\u00a0<\/p>\n<h4 class=\"p1\"><b>3. PREISE<\/b><\/h4>\n<p class=\"p1\">Die Preise f\u00fcr Dienstleistungen werden in den Filialen ver\u00f6ffentlicht. Die Preise f\u00fcr die Produkte werden in den Filialen sowie auf den Drittanbieternseiten gezeigt. Preis\u00e4nderungen k\u00f6nnen ohne vorg\u00e4ngige Ank\u00fcndigung erfolgen. Die Kunden (m\/w) k\u00f6nnen jederzeit nach den aktuellen Preisen erkundigen.<\/p>\n<p class=\"p1\">Es gelten immer die Dienstleistungspreise, welche auf der Webseite <a href=\"http:\/\/www.adorabeautyzug.ch\"><span class=\"s1\">www.adorabeautyzug.ch<\/span><\/a><span class=\"Apple-converted-space\">\u00a0 <\/span>publiziert sind.<\/p>\n<p>\u00a0<\/p>\n<h4 class=\"p1\"><b>4. GUTSCHEINE, EMPFEHLUNGS- und BONUSKARTE<span class=\"Apple-converted-space\">\u00a0<\/span><\/b><\/h4>\n<h5 class=\"p1\">4.1 G\u00fcltigkeit Gutscheine<\/h5>\n<p class=\"p1\">Gutscheine sind w\u00e4hrend 12 Monaten ab Kaufdatum g\u00fcltig. Somit m\u00fcssen alle Behandlungen innerhalb dieser Frist bezogen werden bzw. das gesamte Guthaben muss innerhalb dieser Frist aufgebraucht werden, ansonsten verf\u00e4llt der Gutschein. Bei Schwangerschaft, Krankheit oder Unfall kann die Laufzeit des Gutscheins sistiert werden.<span class=\"Apple-converted-space\">\u00a0<\/span>\u200b<\/p>\n<p class=\"p1\">Die Gutscheine k\u00f6nnen nicht mit anderen Rabatten kumuliert werden.<span class=\"Apple-converted-space\">\u00a0<\/span><\/p>\n<h5 class=\"p1\">4.2 Gutscheinversand<\/h5>\n<p class=\"p1\">Die Gutscheine k\u00f6nnen je nach Wunsch an die gew\u00fcnschte Adresse versendet werden. Die Versandkosten \u00fcbernimmt der jeweilige K\u00e4ufer (m\/w) selbst. Der Gutschein wird erst versendet, wenn der Gesamtbetrag auf unserem Bankkonto eingegangen ist. Damit der Vorgang schneller erfolgt, kann der K\u00e4ufer (m\/w) eine Zahlungsbest\u00e4tigung an Email\/WhatsApp\/Instagram senden. Der Gutschein kann aber auch vor Ort im Adora Beauty abgeholt und sofort bezahlt werden.<\/p>\n<h5 class=\"p1\">4.3 Verlust Gutschein, Abo, Bonuskarte<\/h5>\n<p class=\"p1\">Bei Verlust oder Diebstahl werden Gutscheine, Abos und Bonuskarte nicht ersetzt.<span class=\"Apple-converted-space\">\u00a0<\/span><\/p>\n<p>\u00a0<\/p>\n<h4 class=\"p1\"><b>5. BEZAHLUNG<\/b><\/h4>\n<p class=\"p1\">Die Bezahlung von Dienstleistungen und Produkten muss direkt nach Erf\u00fcllung der Leistung im Laden erfolgen. Wenn der Termin online gebucht wurde, besteht zudem die M\u00f6glichkeit die gebuchte Dienstleistung im Voraus zu bezahlen. Wenn der bereits bezahlte Termin storniert wird, gelten unsere Terminstornierungen oder -verschiebungen, siehe Ziffer 7.<\/p>\n<p class=\"p1\">Die Bezahlung kann mit Bargeld, Twint oder Gutschein erfolgen. Sollte keine Zahlung gegen die erbrachte Dienstleistung vor Ort erfolgen, wird dem Kunden (m\/w) eine Rechnung gestellt. Reagiert der Kunde nicht auf die Zahlungserinnerung oder Mahnung und hat die Rechnung immer noch nicht bezahlt, so kann der Betreiber ein Betreibungsverfahren einleiten.<\/p>\n<p>\u00a0<\/p>\n<h4 class=\"p1\"><b>6. Studentenrabatt<span class=\"Apple-converted-space\">\u00a0<\/span><\/b><\/h4>\n<p>Der Studentenrabatt gilt nur f\u00fcr Acryl\/Gel Manik\u00fcre &#8211; folgende Voraussetzungen m\u00fcssen erf\u00fcllt werden:<\/p>\n<ul>\n<li>Studenten (m\/w) unter 25 Jahren mit g\u00fcltigem Studentenausweis mit Foto<\/li>\n<li>Kundinnen j\u00fcnger als 18 Jahren mit g\u00fcltigem Sch\u00fclerausweis, Ausweis oder Swisspass.<\/li>\n<li class=\"p2\">Die Kunden (m\/w) m\u00fcssen selbst dem Betreiber ohne Nachfrage den Ausweis vorlegen. Falls dies nicht passiert ist, wird kein Rabatt angerechnet, weil Studentenrabatt bei uns keine Verpflichtung ist.<\/li>\n<li>Studentenrabatt ist nicht kombinierbar mit anderen Rabatten.<\/li>\n<\/ul>\n<p>\u00a0<\/p>\n<h4 class=\"p1\"><b>7. TERMIN-STORNIERUNG und TERMIN-VERSCHIEBUNG<\/b><\/h4>\n<p class=\"p1\">M\u00fcndliche und schriftliche vereinbarte Termine sind verbindlich. Die Terminanfrage, die via E-Mail, Instagram, WhatsApp oder telefonischen gebucht wurden, sind erst mit unserer schriftlichen oder telefonischen Best\u00e4tigung verbindlich. Bei Terminreservierung sind Namen, Telefonnummer und Adresse anzugeben.<\/p>\n<p class=\"p1\">Der Termin kann kostenlos bis zu 24 Stunden storniert oder verschoben werden. Wird der Termin bei weniger als 24 Stunden storniert bzw. verschoben, werden 50% der gebuchten Behandlungskosten berechnet. Dies gilt auch, wenn die Behandlung bereits online bezahlt wurde. Bei Nichterscheinen zu einem vereinbarten Termin verrechnen wir den gesamten Preis der Behandlung resp. Behandlungen.<span class=\"Apple-converted-space\">\u00a0<\/span><\/p>\n<p>\u00a0<\/p>\n<h4 class=\"p1\">8<b>. GARANTIE, BESCHWERDEN UND REKLAMATIONEN<\/b><\/h4>\n<p class=\"p1\">Beschwerden oder Reklamationen betreffend der Dienstleistung oder gekauften Produkten, m\u00fcssen sofort nach Erkennen in der Filiale oder via E-Mail,Instagram,WhatsApp oder telefonischen gemeldet werden. D\u1ebb Betreiber wird m\u00f6glichst rasch eine L\u00f6sung unterbreiten.<\/p>\n<p class=\"p1\">Ist eine Reklamation gerechtfertigt, wird die Dienstleistung kostenfrei erneut durchgef\u00fchrt, bzw. das defekte Produkt ersetzt. Eine R\u00fcckverg\u00fctung ist ausgeschlossen.<\/p>\n<p class=\"p1\">Garantiefrist betr\u00e4gt 7 Tage nach der erbrachten Dienstleistung.<\/p>\n<p>\u00a0<\/p>\n<h4 class=\"p1\">9<b>. FOTOS<\/b><\/h4>\n<p class=\"p1\">In unregelm\u00e4ssigen Abst\u00e4nden werden Fotos und Videos von den Filialen und Dienstleistungen gemacht. Diese werden f\u00fcr die interne und externe Kommunikation (Social Media\/ Website\/ Flyer\/ Newsletter) verwendet. Alle Fotos werden so ver\u00f6ffentlicht, sodass das Gesicht des Kunden bzw. der Kundin nicht zu erkennen ist. Das Gesicht ist nur mit der Einverst\u00e4ndniserkl\u00e4rung des Kunden ersichtlich.<\/p>\n<p>\u00a0<\/p>\n<h4 class=\"p1\">10. <b>TIERE<\/b><\/h4>\n<p class=\"p1\">Kleine Tiere sind in der Filiale gestattet, d\u00fcrfen aber nicht in der Filiale rumlaufen. Der Tierhalter haftet grunds\u00e4tzlich immer f\u00fcr verursachten Schaden durch ihren Tieren im Laden. Grosse Hunde m\u00fcssen draussen bleiben.<\/p>\n<p>\u00a0<\/p>\n<h4 class=\"p1\">11<b>. DATENSCHUTZ<\/b><\/h4>\n<p class=\"p1\">Die Datenschutzerkl\u00e4rung ist integraler Bestandteil der Allgemeinen Gesch\u00e4ftsbedingungen.<\/p>\n<p>\u00a0<\/p>\n<h4 class=\"p1\">12. <b>GERICHTSSTAND<\/b><\/h4>\n<p class=\"p1\">Der Gerichtsstand ist Zug, Schweiz.<\/p>\n<!-- \/wp:paragraph --><!-- wp:heading --><!-- \/wp:paragraph -->\t\t\t\t\t\t<\/div>\n\t\t\t\t<\/div>\n\t\t\t\t<\/div>\n\t\t\t\t<\/div>\n\t\t","protected":false},"excerpt":{"rendered":"<p>Allgemeine Gesch\u00e4ftsbedingungen\u00a0 Adora Beauty Zug (nachfolgend \u201eBetreiber\u201d) Stand: 01.01.2024 \u00a0 Allgemeines Diese Bedingungen betreffen alle Transaktionen, Vertr\u00e4ge und Angebote, wie die Dienstleistungen und den Verkauf von Produkten, die zwischen Adora Beauty Zug\u00a0 und dem Kunden (m\/w) zustande kommen bzw. geschlossen werden. Ausnahmen von Transaktionen, die&#8230;<\/p>\n","protected":false},"author":1,"featured_media":0,"parent":0,"menu_order":0,"comment_status":"closed","ping_status":"closed","template":"","meta":{"footnotes":""},"class_list":["post-3","page","type-page","status-publish","hentry"],"_links":{"self":[{"href":"https:\/\/adorabeautyzug.ch\/index.php\/wp-json\/wp\/v2\/pages\/3","targetHints":{"allow":["GET"]}}],"collection":[{"href":"https:\/\/adorabeautyzug.ch\/index.php\/wp-json\/wp\/v2\/pages"}],"about":[{"href":"https:\/\/adorabeautyzug.ch\/index.php\/wp-json\/wp\/v2\/types\/page"}],"author":[{"embeddable":true,"href":"https:\/\/adorabeautyzug.ch\/index.php\/wp-json\/wp\/v2\/users\/1"}],"replies":[{"embeddable":true,"href":"https:\/\/adorabeautyzug.ch\/index.php\/wp-json\/wp\/v2\/comments?post=3"}],"version-history":[{"count":10,"href":"https:\/\/adorabeautyzug.ch\/index.php\/wp-json\/wp\/v2\/pages\/3\/revisions"}],"predecessor-version":[{"id":712,"href":"https:\/\/adorabeautyzug.ch\/index.php\/wp-json\/wp\/v2\/pages\/3\/revisions\/712"}],"wp:attachment":[{"href":"https:\/\/adorabeautyzug.ch\/index.php\/wp-json\/wp\/v2\/media?parent=3"}],"curies":[{"name":"wp","href":"https:\/\/api.w.org\/{rel}","templated":true}]}}